
13
Let k(r) = r**3 - 13*r**2 + 5*r + 34. Let h be k(14). Suppose 5*w - 265 = 4*i, -5*i = -5*w - 30 + h. What is the remainder when w is divided by 26?
23
Let c = -8929 + 9094. What is the remainder when 1149 is divided by c?
159
Let s be (-4)/((-80)/324) + (-2)/10. Let j = 36 + s. Calculate the remainder when j is divided by (-1 + 0)/(2/(-22)).
8
What is the remainder when ((-12)/5)/((-12)/(-55980)*-6) is divided by 22?
18
Suppose l + 5*d - 17 = -5, 0 = -2*d + 2. Let a(m) = m**3 - 7*m**2 + 2*m + 6. Calculate the remainder when a(l) is divided by 3/((-45)/(-480)*8).
0
Let a = -9670 + 9702. Calculate the remainder when 274 is divided by a.
18
What is the remainder when 3748 + (12 + 30)/(-6) is divided by 13?
10
Suppose 0 = -3*g + 5*z + 234 + 94, -2*g - 4*z = -182. Let y = -34 + g. Calculate the remainder when 198 is divided by y.
64
Let n = 192 - 168. Let u be 128/14 - (-5)/(-35). Suppose -u*t + 567 = -6*t. Calculate the remainder when t is divided by n.
21
Suppose -2*v - 4*m - 34 = -0*m, 5*v + m = -103. Calculate the remainder when 99 is divided by 3*-1 - (1 + -8 + v).
24
Suppose 2*n - 4*w = 7*n - 465, -2*w - 372 = -4*n. Suppose 113*h - 297 = 104*h. Calculate the remainder when n is divided by h.
27
Suppose 83*v - 211151 + 65411 - 337154 = 0. What is the remainder when v is divided by 291?
289
Let a = 53 - -23. Calculate the remainder when a is divided by (1640/(-574))/((-15)/84*2).
4
Let f = 83 - 87. Let c be 29/(-58)*(0 + f). Suppose -5*l = -l + 16, -c*k = l - 10. Calculate the remainder when 13 is divided by k.
6
Suppose -14 + 32 = s. Suppose 17*w + s = 19*w. Suppose 7*m + 16*m = 46. What is the remainder when w is divided by m?
1
Let c = 352 + -322. Calculate the remainder when 118 is divided by 0 - c/(-1)*24/36.
18
Suppose 2*r = 3*w + 59, -3*w + 21 = 2*r - 32. Let j = -17 + r. Suppose 9*u - 271 - 206 = 0. What is the remainder when u is divided by j?
9
Suppose -9 = -3*a + x, 2*x + 11 = 2*a + 1. Suppose 104 = -a*g + p - 98, -503 = 5*g - 3*p. Calculate the remainder when (-8)/(-32) - g/4 is divided by 7.
5
Suppose -1366*c + 1389*c = 299. Calculate the remainder when c is divided by 11.
2
Let f be (84/(-105))/(11/10 + -1). Let d = -244 - f. Let w = d - -417. Calculate the remainder when w is divided by 37.
33
Let s(g) = 7*g - 480. What is the remainder when 7522 is divided by s(74)?
36
Let l(n) = -41*n - 142. Let r be l(-4). What is the remainder when 1*r*69/138 is divided by 2?
1
Let d(w) = 57*w - 2980. Let k = -85 - -247. What is the remainder when k is divided by d(53)?
39
Let h = 38 - 29. Let x be 1*h/(-12)*-4. Suppose -12 = x*f, -4*f + f - 34 = -d. Calculate the remainder when 85 is divided by d.
19
Let t(g) = g**2 - 2*g + 1. Let m be t(3). Suppose -6*c = 3 - 15. Suppose 3*q = o - 8, o + c*q - m = 3*q. What is the remainder when 3 is divided by o?
1
Let u be (((-439)/(-3))/(-1))/((-7)/21). Let y = u + -359. Calculate the remainder when y is divided by 64.
16
Suppose -8225 = -4*d + s, s = 2 + 5. What is the remainder when d is divided by 13?
4
Suppose 5*g = -3*m + 5, -5*m = 3*g - g - 2. Let v = -542 + 548. Calculate the remainder when v is divided by 0 - g - (-18 - -14).
0
Suppose 75 = 5*i - 5*u, 0 = -4*i - 0*u + 3*u + 59. Suppose -i*t + 14 = -13*t. Let y(n) = 12*n - 6. What is the remainder when y(5) is divided by t?
12
Suppose l - 69 = -9 + 115. Calculate the remainder when 457 is divided by l.
107
What is the remainder when 28 - (0/2 - -2) is divided by ((-1)/4)/((-259)/16576)?
10
Let n(d) = d**3 - 7*d**2 + 49*d - 542. Calculate the remainder when 977 is divided by n(10).
233
Let a(j) = j**3 + 1. Let d(v) = -5*v**3 + 22*v**2 + 23*v + 25. Let i(m) = -6*a(m) - d(m). Let u = 16 - 37. Calculate the remainder when 95 is divided by i(u).
7
Suppose 2362 = 74*a + 9*a - 875. Calculate the remainder when 641 is divided by a.
17
Suppose -d = 3*s - 342, -d = -0*s + 4*s - 457. Let q = 116 - s. What is the remainder when (24/(-16))/((-6)/8) is divided by q?
0
Suppose -4*h = 5*b - 48 - 1, -2*b + 19 = h. Suppose 3*d - 49 = -2*c, -5*c = -d - 139 - b. Calculate the remainder when 61 is divided by c.
3
Suppose 4*t - 3*l - 12 + 1 = 0, l + 11 = 5*t. Suppose 4*h + 3 = -13, -t*x - 4*h - 90 = 0. Let o = x + 79. What is the remainder when o is divided by 11?
9
Let j = 3 + 1. Let z(g) = -g**3 - 5*g**2 - 52*g - 128. Calculate the remainder when (14/(-5))/(j/(-20)) is divided by z(-3).
4
Let f(n) = -6*n + 5. Let t(x) = 190*x - 19554. Calculate the remainder when f(-5) is divided by t(103).
3
Suppose -29 - 5 = -2*s. Suppose -55 = 4*y + s. Calculate the remainder when 111 is divided by (-8)/(y/20 - (-6)/15).
15
What is the remainder when (-3076)/(-8) - (-35)/(-70) is divided by 140?
104
Let y(p) = 13*p + 107. Let q = 838 + -842. What is the remainder when 84 is divided by y(q)?
29
Suppose 84 = 4*w - 104. Suppose -3*r + 4*g + 2174 = 0, -3*g + 2907 = 12*r - 8*r. Let h = r - 702. What is the remainder when w is divided by h?
23
Suppose 0 = 3*t + 3*o - 75 - 3, 0 = -t + 4*o + 1. Let b(h) = -81*h**2 - 1. Let r be b(-1). Calculate the remainder when (r/(-5))/((-20)/(-50)) is divided by t.
20
Let i be -6 + 13/(26/8) + 2. What is the remainder when -52 + 253 - (i - 6) is divided by 30?
27
Suppose -54*r + 41*r + 1495 = 0. Calculate the remainder when r is divided by 2839/85 + (-2)/5.
16
Suppose -13 = -38*i + 34*i + 3*k, 38 = 2*i + 2*k. Calculate the remainder when 27387 is divided by i.
7
What is the remainder when 158 is divided by 4286/78 + 13 + (-2020)/156?
48
Let a(m) be the third derivative of 0 - 13/120*m**6 + 0*m + 1/3*m**3 - 1/30*m**5 + 14*m**2 + 0*m**4. What is the remainder when a(-1) is divided by 7?
6
Let o(g) = 3*g**2 - 11*g + 3. Let w = 52 - 47. Let j be o(w). Suppose -120 = 18*c - j*c. What is the remainder when 92 is divided by c?
20
Let u = -120101 - -120226. Suppose -y = -2, -4*y - 35 = -4*m + 13. Let j = 2 + m. Calculate the remainder when u is divided by j.
13
Let o(q) = -3*q**2 - 7*q - 3. Let c(a) = a**2 - a. Let d(s) = -2*c(s) - o(s). What is the remainder when 42 is divided by d(-10)?
3
Suppose 7*x + 1694 = -15*x. Let u = -42 - 12. Let y = u - x. Calculate the remainder when y is divided by 4.
3
Suppose k = 5*q + 847 + 624, 4*k - 4*q = 5980. What is the remainder when k is divided by 497?
10
Let x(w) = 59*w - 53. Let h be x(4). Suppose 0 = f + 2*v - h, 4*f + 2*v = -2*v + 716. Calculate the remainder when f is divided by 56.
7
Suppose -21666 + 20863 = -73*d. What is the remainder when 20*((-11)/(-2) + 1) is divided by d?
9
Let z = 3305 - 3129. What is the remainder when 199 is divided by z?
23
What is the remainder when (54 + -55)*(2 - 33) is divided by 9?
4
Let y = -4 - -14. Let s(z) = -3*z**3 - 207*z**2 + 211*z + 107. What is the remainder when s(-70) is divided by y?
7
Let n be -5*14/105*(1 + 161). Let d = n + 143. What is the remainder when 109 is divided by d?
4
Let r(p) = -7 + 0 - 2 - 1 - p. Let v be r(-12). Suppose -5*b + 2*c = -107, 3*b - v*c - 62 = -3*c. Calculate the remainder when 61 is divided by b.
19
Suppose -192*n + 1141 + 940 = -607. Suppose -5*t + 6 = 1, t - 1101 = -5*o. What is the remainder when o is divided by n?
10
Suppose 5 = 2*d + v, 4*d - 7 = v - 0*v. Suppose 3 + d = -5*y. Calculate the remainder when (-8148)/(-72) + y/6 is divided by 29.
26
Suppose -156 = 12*u - 14*u - 4*a, 135 = 2*u - 3*a. What is the remainder when 2012 is divided by u?
68
Let m = 44 - 40. Suppose -m*i + 148 + 96 = 0. Let w = -37 + i. Calculate the remainder when 69 is divided by w.
21
Let z(u) = -3*u**2 + 54*u + 96. What is the remainder when z(18) is divided by 42?
12
Let q(a) = 7*a + 1. Let d be q(3). Let n = d - -21. Suppose 4818 = -2474*l + 2496*l - 1760. Calculate the remainder when l is divided by n.
41
Let z be 10/2*1*4. Suppose 2*r + 2 = z. Let g(y) = -y**3 + 54*y**2 - 5*y + 275. Calculate the remainder when r is divided by g(54).
4
Suppose -m = 6*b - 11*b - 24, -2*b = -5*m + 51. Suppose 4192 = m*q + 23*q. What is the remainder when q is divided by 11?
10
Let s = -4298 - -4358. What is the remainder when 907 is divided by s?
7
Let v = -796 - -1900. Suppose -246 = -27*f + v. Calculate the remainder when 53 is divided by f.
3
Suppose -4*x = -x + 4*w - 13, 3*x = 3*w + 48. Calculate the remainder when 23 is divided by x.
1
Suppose 138*k - 6475 = 67*